ase 6) in base 13?
-3310
What is -25fcc (base 16) in base 6?
-3200204
16751631 (base 8) to base 10
3920793
What is 200014101 (base 5) in base 8?
2770101
Convert 30754022 (base 8) to base 11.
376a156
Convert -2b075 (base 13) to base 2.
-10011110111101001
Convert 1323011431 (base 5) to base 10.
3328991
4462126 (base 9) to base 14
46798d
10776c (base 14) to base 8
2102644
-142164 (base 7) to base 6
-325520
Convert 5062236 (base 8) to base 13.
37a420
What is 200302333032 (base 4) in base 5?
4200104304
-112210210100 (base 3) to base 14
-782d9
What is -3822708 (base 9) in base 14?
-3c29b0
What is -152501022 (base 6) in base 15?
-436948
Convert 3112022212 (base 4) to base 16.
d62a6
-200122011221 (base 3) to base 4
-1121203210
-11111100000000 (base 2) to base 12
-9400
What is -737434 (base 11) in base 12?
-48b626
20322032 (base 5) to base 16
28ce6
Convert -122220011210 (base 3) to base 2.
-1010101111111101100
Convert -3311771 (base 8) to base 5.
-211433344
What is -460205 (base 7) in base 10?
-81737
What is 113301504 (base 6) in base 7?
24022141
Convert -1a665a (base 13) to base 16.
-a3dc6
-c75a21 (base 13) to base 3
-22210011111021
-20131143 (base 5) to base 7
-1241423
Convert -182011 (base 9) to base 5.
-12104010
Convert -7573 (base 16) to base 13.
-108bb
3547456 (base 9) to base 6
105102510
What is -12eae2 (base 15) in base 12?
-37a995
Convert 202112102220110 (base 3) to base 16.
a68525
What is aa12 (base 14) in base 5?
1420131
-57346625 (base 8) to base 3
-212101222000020
Convert -110321220223 (base 4) to base 15.
-7335da
112102330 (base 4) to base 14
253d2
-2212fb (base 16) to base 12
-8b8363
Convert 120409 (base 11) to base 7.
1423226
16d70 (base 16) to base 14
26144
What is 215a72 (base 13) in base 7?
6443316
What is -133263 (base 8) in base 6?
-1000311
What is -6aab8 (base 12) in base 14?
-3a300
Convert 109b67 (base 12) to base 7.
2155435
Convert -18e3b (base 15) to base 10.
-80831
Convert 564536 (base 10) to base 11.
356165
21021020202 (base 3) to base 16
22eda
What is -42711 (base 8) in base 12?
-a409
Convert -222322033332 (base 4) to base 16.
-aba3fe
-1212221122200 (base 3) to base 7
-11344524
What is 2065607 (base 11) in base 4?
31320101110
What is 1826343 (base 9) in base 2?
11111001011010101011
What is 20326203 (base 8) in base 12?
15368ab
9857a1 (base 12) to base 4
21031220221
Convert -2928c (base 13) to base 4.
-102320211
Convert 15417 (base 14) to base 12.
26779
What is -24341 (base 12) in base 5?
-3030430
Convert -500e0 (base 16) to base 8.
-1200340
What is -155204231 (base 6) in base 14?
-629319
What is 9d1d (base 16) in base 8?
116435
What is -6a19e1 (base 15) in base 12?
-1844b27
825e53 (base 15) to base 7
103445112
1917485 (base 11) to base 4
30120113303
What is 2166426 (base 8) in base 11?
36a562
Convert 5056021 (base 7) to base 8.
2230323
What is b707 (base 16) in base 5?
2444410
What is 1db255 (base 14) in base 9?
2006766
What is 867750 (base 9) in base 14?
d6825
-3a7389 (base 11) to base 7
-5301652
What is -11011011100101010100 (base 2) in base 11?
-564818
-330112 (base 12) to base 16
-c579e
What is -474220 (base 8) in base 11?
-100735
Convert 1043553535 (base 6) to base 3.
210102100101112
What is -57655 (base 9) in base 12?
-1a2b8
Convert abc5c3 (base 15) to base 6.
451331533
1114203020 (base 5) to base 8
11401202
Convert -11100144300 (base 5) to base 13.
-26827a4
Convert -939020 (base 10) to base 5.
-220022040
What is -48c114 (base 14) in base 2?
-1001100000010101110110
-811011 (base 9) to base 15
-971e7
14113422 (base 5) to base 2
100011010111011110
-3440130 (base 7) to base 4
-1220330121
Convert -140463 (base 7) to base 16.
-681c
What is -b70dd (base 14) in base 15?
-8ae54
Convert -130300201 (base 4) to base 2.
-11100110000100001
What is 17758 (base 16) in base 13?
34975
Convert -204420202 (base 5) to base 13.
-240437
What is 12121001221102 (base 3) in base 4?
23111331230
23204444 (base 5) to base 13
7477a
Convert -106427 (base 9) to base 14.
-19352
Convert 14138a (base 11) to base 13.
79a14
What is -1150421 (base 7) in base 8?
-436360
What is -4236626 (base 7) in base 4?
-1331123321
What is -1464001 (base 8) in base 4?
-1212200001
What is -55063 (base 9) in base 16?
-8e9b
Convert -13c857 (base 15) to base 16.
-e8d20
Convert -116513 (base 9) to base 12.
-348a9
What is 33e23 (base 15) in base 8?
502477
-9911d (base 15) to base 7
-4063435
Convert 43404132 (base 5) to base 16.
5aec1
Convert 6b35c (base 15) to base 5.
41413022
-230235 (base 12) to base 4
-2020301021
What is -5668610 (base 9) in base 15?
-405c7c
What is 162b84 (base 13) in base 12?
225878
What is 606928 (base 10) in base 13?
18333a
What is -2a38e (base 15) in base 4?
-201022001
13434325 (base 7) to base 13
34b100
What is -61a1c (base 16) in base 2?
-1100001101000011100
What is 33212031301 (base 4) in base 11?
2342990
Convert -6f56 (base 16) to base 4.
-12331112
Convert 56a540 (base 11) to base 16.
dd734
9599171 (base 10) to base 14
13bc351
-33310320 (base 6) to base 10
-1004520
Convert 22373b (base 13) to base 9.
1460647
-5501 (base 8) to base 2
-101101000001
11110010101100010001 (base 2) to base 14
1bc3a9
220210110120 (base 3) to base 4
1313021220
What is -15992 (base 15) in base 3?
-10112120002
Convert 3ca09 (base 13) to base 12.
559aa
-ab753 (base 13) to base 2
-1001011111011110100
What is -1615235 (base 9) in base 5?
-212134020
What is 158828 (base 10) in base 4?
212301230
What is -1340020304 (base 6) in base 16?
-f7c990
2556337 (base 11) to base 8
20714223
Convert -392a0 (base 13) to base 9.
-171263
32405 (base 13) to base 5
10401013
Convert -1100100100000100011 (base 2) to base 15.
-81ea8
57266 (base 9) to base 6
452310
Convert -3100412311 (base 5) to base 3.
-102210012211212
What is 2012426 (base 7) in base 6?
5040345
85518 (base 15) to base 8
1472157
64481 (base 10) to base 7
355664
Convert 1169424 (base 13) to base 7.
63546063
-133023312231 (base 4) to base 6
-451115153
What is 200234133 (base 5) in base 8?
3006636
Convert 12230332 (base 5) to base 11.
80392
-3d8330 (base 15) to base 16
-2d3a02
Convert 394012 (base 12) to base 9.
1682445
What is -d6be85 (base 15) in base 4?
-212332021121
What is -93489 (base 16) in base 9?
-1118473
-22312331 (base 5) to base 3
-101001101110
What is -9bc4b6 (base 14) in base 6?
-305310304
20000020220 (base 3) to base 11
80961
72b8b7 (base 12) to base 3
10101122001211
Convert 120cd1 (base 14) to base 10.
617191
What is 5101480 (base 9) in base 15?
38a239
-40374 (base 15) to base 7
-1504444
Convert -303031310 (base 4) to base 8.
-631564
Convert -40052 (base 10) to base 6.
-505232
405155 (base 6) to base 8
76777
Convert -689 (base 11) to base 9.
-1114
What is 1102651 (base 7) in base 16?
21130
What is -403163 (base 9) in base 5?
-30113041
Convert 121202560 (base 7) to base 14.
100c867
Convert 606113 (base 10) to base 5.
123343423
14664034 (base 7) to base 3
2122200020021
What is 2b77a5 (base 12) in base 14?
15344d
Convert 1021000122211 (base 3) to base 7.
5456326
Convert 579323 (base 10) to base 9.
1072612
-103040 (base 8) to base 13
-12823
Convert 3272a15 (base 11) to base 5.
2432240120
104656041 (base 7) to base 14
bb4391
23341114 (base 5) to base 13
76c19
Convert 1bcce (base 15) to base 14.
25068
-6e854 (base 16) to base 14
-bad92
Convert -2531021 (base 13) to base 4.
-230033202212
1003032300213 (base 4) to base 3
1020011101201120
-1ca63e (base 16) to base 12
-76667a
Convert 505578 (base 10) to base 3.
221200112010
-106707 (base 9) to base 16
-f9fd
Convert 339333 (base 11) to base 2.
10000011101100111110
-10151233 (base 6) to base 10
-294501
What is 100110100001010 (base 2) in base 16?
4d0a
Convert 25d6015 (base 14) to base 3.
1021100220121112
What is -5208541 (base 9) in base 5?
-1203002302
Convert 10001101010101110011011 (base 2) to base 7.
54236526
What is -222222022001 (base 3) in base 16?
-819f1
What is -47337535 (base 8) in base 16?
-9dbf5d
What is 14016064 (base 7) in base 5?
313024034
36018b (base 15) to base 10
2582231
Convert 1394518 (base 10) to base 3.
2121211220211
Convert 4235535 (base 7) to base 5.
112412044
Convert 294a2b (base 15) to base 4.
13211320112
-86916 (base 10) to base 8
-251604
-13100306 (base 7) to base 2
-100100011010111101010
-c1608 (base 16) to base 3
-1111020112000
-33616055 (base 8